 + 7. Let b be w(-6). Let k = b - -13. Calculate the remainder when k is divided by 5.
3
Let d = 3 - 1. Let c(s) = d*s + 1 - 4*s + 0*s. Calculate the remainder when c(-3) is divided by 3.
1
Let s(j) = 4*j**3 - j**2 - 2*j + 2. What is the remainder when s(2) is divided by 11?
4
Suppose 2*q - 159 = q. Calculate the remainder when q is divided by 40.
39
Let t = 3 + 3. Let u(n) = -n + 4. What is the remainder when t is divided by u(0)?
2
Let m(w) = w**2 - 10*w + 11. Let j be m(9). Suppose 3*d = j*d. What is the remainder when 11 is divided by 7 - 5 - (d + -1)?
2
Suppose -1 - 4 = -c + g, 0 = 2*c - 5*g - 10. Suppose -20 = -2*x - h - 3, -c*x + 10 = -4*h. Calculate the remainder when 10 is divided by x.
4
Suppose 4*x + 63 = 235. Let h(q) = -2*q + 7. Calculate the remainder when x is divided by h(-4).
13
Suppose o - 15 - 12 = 3*l, 0 = 2*o - 5*l - 53. Calculate the remainder when 61 is divided by o.
13
Let n(z) = z**3 + 11*z**2 + 10*z + 13. What is the remainder when 63 is divided by n(-10)?
11
Let p(b) = -4*b - 22. Calculate the remainder when 10 is divided by p(-7).
4
Let q = 45 - 11. Calculate the remainder when q is divided by 12 + -5 + (-2)/(-1).
7
Let f = 92 + -47. Let c = f + -29. What is the remainder when 62 is divided by c?
14
Suppose 21 = 3*h - 24. Let z = -17 - -10. Let n(q) = q**3 + 9*q**2 + 11*q + 7. Calculate the remainder when n(z) is divided by h.
13
Let v(k) = -k**3 - 3*k - 3. Suppose 32 = 5*u + 3*j, 4*j - 34 = -4*u - 2. Let g(q) = 5*q + 1. Calculate the remainder when g(u) is divided by v(-2).
10
What is the remainder when 55 is divided by 11 + 1 - (-8 - -6)?
13
Suppose 0 = -3*w + 9, -5*s = -s - 4*w - 108. Calculate the remainder when s is divided by 11.
8
Suppose 3*a - 311 = c, -4*a + 3*a - c = -105. What is the remainder when a is divided by 18?
14
Suppose 2*l - 5 = 5*j, 4*l - 3*j - 3 = 2*l. Let q = 1 - l. Suppose -5*b + 13 = 8. Calculate the remainder when q is divided by b.
0
Suppose 3*g = 2*s + 24, -g + 2*s - 3 = 5*s. Calculate the remainder when (3 - 0)*(1 - -2) is divided by g.
3
Suppose 5*s - 24 = j, 30 = 8*j - 3*j + 5*s. Suppose -9*d - 4 = -11*d. Calculate the remainder when d is divided by j.
0
Let k(g) = -g**2 - 11*g - 16. Calculate the remainder when 31 is divided by k(-8).
7
Suppose -5*t + 4 = -3*j, 4*j - 4 = 4*t - 2*t. Suppose x + 4*u = 6*x - 5, 0 = -3*x + 4*u + 11. What is the remainder when 45 is divided by ((-9)/t)/(x/8)?
9
Let r be (-6)/(-1 + -1 - 0). Suppose r*x - 40 = x. Suppose p - 33 = -2*p. What is the remainder when x is divided by p?
9
Let t = -38 + 54. What is the remainder when 58 is divided by t?
10
Suppose 9*f - 65 = 4*f. Let b be 17/5 + 4/(-10). Suppose -3*t + z + 35 = -b*z, 3*z = -15. Calculate the remainder when f is divided by t.
3
Let v(m) = m**2 - m + 24. What is the remainder when v(0) is divided by 13?
11
Let h be -13*5*(2 - 3). Suppose y - h = -4*y. Calculate the remainder when 25 is divided by y.
12
Let c = 188 - 122. Calculate the remainder when 197 is divided by c.
65
Suppose 2*n - i = -2*n - 6, -n - 9 = -4*i. Let j be n/2 - 7/(-2). Suppose 0 = 2*y + j*k - 82, -k - k = 5*y - 216. What is the remainder when y is divided by 15?
14
Let v(g) = -2*g**2 + 42*g + 8. Calculate the remainder when v(20) is divided by 10.
8
Let t(x) = x**2 - 7*x + 3. Let h = -4 - -3. Let v be h*2*(-8)/2. What is the remainder when t(v) is divided by 4?
3
Let q(b) = b**3 + 2*b**2 + 2*b + 7. What is the remainder when q(3) is divided by 4?
2
Let k(g) = -g**3 + g**2 + 4*g + 2. What is the remainder when 8 is divided by k(-2)?
2
Let m = -16 + 31. Let v = m + -7. What is the remainder when 21 is divided by v?
5
Let r(x) = -7*x**3 + x + 1. Let h be r(-1). Let y(q) = 4*q - 1. Let l be y(h). Let m = l + -10. Calculate the remainder when 66 is divided by m.
15
Let v(d) = -d**3 + 2*d - 1. Let a(x) be the third derivative of x**4/24 - 4*x**3/3 - x**2. Calculate the remainder when v(-2) is divided by a(9).
0
Let h = 9 + 11. Calculate the remainder when 77 is divided by h.
17
Let w(v) = -2 - 5 - 4*v - v**2 + 2*v**2 - 4*v. Let n be w(9). Suppose 4*q - n*q = 10. What is the remainder when q is divided by 3?
2
Suppose 0 = -x + 52 + 51. Suppose -5*u + x = -4*c, 5*u = u + c + 78. Calculate the remainder when u is divided by 2/3*(-21)/(-2).
5
What is the remainder when 42 is divided by 4/(-3)*(-5 - -4)*6?
2
Suppose 3*v = -v. Suppose v*z = -z + 4*w + 18, 4*z - w = 12. Suppose -6*l + l - 80 = -z*y, 2*l + 39 = y. Calculate the remainder when y is divided by 12.
11
Let n(u) = -u**3 - 11*u**2 - 11*u - 5. Let a be n(-10). Suppose 0 = -4*k + a*o + 4 + 11, -k - 2*o + 20 = 0. What is the remainder when 37 is divided by k?
7
Suppose 4*x - 6*x = -94. What is the remainder when x is divided by 12?
11
Suppose 0*n = 3*z - 4*n, 0 = -z + 2*n. Suppose z*q + 2 = -q. What is the remainder when 11 is divided by (-2)/q + 2 + 1?
3
Let m(t) = -3*t. What is the remainder when 0/(-1) - 88/(-4) is divided by m(-4)?
10
Suppose 8 + 13 = 3*k. Suppose -3*d + k*a + 15 = 4*a, 2*a + 11 = 3*d. Calculate the remainder when d is divided by 1.
0
Let i = 176 - 140. Calculate the remainder when i is divided by 21.
15
Let u(l) = -l**3 - 12*l**2 - 15*l - 42. Calculate the remainder when 42 is divided by u(-11).
0
Let a = 45 - 44. What is the remainder when 1 is divided by a?
0
Let z be 3 + 3/((-6)/(-2)). Suppose -4*p - z*g + 80 = 0, 1 = -p + g + 11. What is the remainder when 28 is divided by p?
13
Calculate the remainder when 127 is divided by 40/14*7/2.
7
Suppose 5*a = 3*a. Calculate the remainder when (2 - -35)*(a - -1) is divided by 13.
11
Suppose 125 = -7*x + 2*x. Let i = x + 36. What is the remainder when 41 is divided by i?
8
Let k = -32 + 53. Let y = 12 - k. Let j = y + 23. Calculate the remainder when 26 is divided by j.
12
What is the remainder when 1/((-2)/(-3))*10 is divided by 3?
0
Suppose 275 = 5*n - 35. What is the remainder when n is divided by 32?
30
What is the remainder when 783/11 + 8/(-44) is divided by 25?
21
Suppose 4*b + 196 = 52. Let q = 69 + b. Calculate the remainder when q is divided by 17.
16
What is the remainder when (-21)/15*(-10 - 0) is divided by -1*(0/(-1) + -5)?
4
Suppose -5*j + 28 = 8. Suppose 3*z - 3*k - 69 = 0, 124 = 6*z - 2*z + j*k. What is the remainder when z is divided by 15?
12
Let c(h) = h**3 - 5*h**2 + h. Let i be c(5). Suppose 6*y + 5 = i*y, -y - 29 = a. Let b = a + 49. Calculate the remainder when b is divided by 7.
4
Suppose 4*c + 246 = 586. Suppose 6*y - y = c. What is the remainder when y is divided by 5?
2
Let r(q) = q**2 - 9*q + 11. Calculate the remainder when 52 is divided by r(9).
8
Let q = -3 + 4. Let c = q + 1. Suppose 4*z = -f - f + 38, f = c*z - 21. Calculate the remainder when z is divided by 4.
2
Let g(v) = 31*v**2 - 2*v + 3. What is the remainder when g(1) is divided by 11?
10
Let g(j) = -j**3 - 3*j**2 - 4*j - 2. Calculate the remainder when 14 is divided by g(-3).
4
Calculate the remainder when (-9)/(-27) + (-130)/(-6) is divided by 8.
6
Let a = 19 + -15. Suppose -114 = -a*h - 5*l, -4*h - 2*l + 144 - 24 = 0. What is the remainder when h is divided by 11*2/(-4)*-2?
9
Suppose -w + 4*y + 30 = 0, 76 = -5*w - 3*y + 249. Let f = w - 14. Suppose -3*r + 32 = n, 2*r - n - 27 = 4*n. What is the remainder when f is divided by r?
9
Let l = 11 - 5. What is the remainder when 10 is divided by l?
4
Suppose 54 - 77 = -u. What is the remainder when u is divided by 13?
10
Let b(k) = -4 + 2 + k**2 + 4 - 3*k + 1. What is the remainder when b(6) is divided by 8?
5
Let g(c) = 3*c**2 + 2. Suppose 2*h - 7 = 1. Calculate the remainder when g(h) is divided by 13.
11
Suppose 0 = -2*w + 9 + 3. Calculate the remainder when (-184)/(-10) - w/15 is divided by 10.
8
Let s(o) = 4*o + 3. Calculate the remainder when s(3) is divided by (-36)/3*(-3)/6.
3
Let o(t) = t**2 + 11*t + 33. Calculate the remainder when 30 is divided by o(-6).
0
Let w(n) = n**3 - 4*n**2 - 3*n - 7. Suppose -42 = -5*s - 12. What is the remainder when w(s) is divided by (-16)/(-3)*(2 + 1)?
15
Let m be 2*2/(-10)*-10. What is the remainder when (-9)/m*(-96)/9 is divided by 13?
11
Let n(g) = -g**2 - 5*g + 1. Let p be n(-3). Suppose -2*y = -3*y + p. Suppose -5*t + 3 = -y. What is the remainder when 2 is divided by t?
0
Let s(p) = 8*p - 1. Suppose -h - 2 + 11 = 0. Calculate the rema